 + -1 + (n - -1). Give q(f).
2
Let x(o) = -5*o**3 + o + 1. Let k be 7/(-1*(-1)/(-2)). Let w be (k/(-4))/(1/(-2)). Let t = 6 + w. Determine x(t).
5
Let n = 0 + -3. Let b(g) be the second derivative of g**4/12 + g**3/3 + 3*g**2/2 - 2*g. Let w(p) be the first derivative of b(p). Determine w(n).
-4
Suppose -3*u - i = u + 11, -2*i = 6. Let c(p) be the second derivative of -p**4/8 - p**2/2 + 2*p. Let r(j) be the first derivative of c(j). Give r(u).
6
Suppose -2*q = -12 + 4. Suppose 2*b - q = -g, 5*b - g + 2*g - 16 = 0. Let a(o) be the first derivative of -o**4/4 + 4*o**3/3 - 5*o - 4. What is a(b)?
-5
Let i(r) = -6*r - 2. Let l = -161 - -164. Determine i(l).
-20
Let a be 2/(6/(-3)) - -3. Let f(g) = 0*g + 2*g + a*g - 1 - g**2. What is f(5)?
-6
Let i(l) = 2*l**2 + 5*l - 2. Let k(d) be the second derivative of d**4/12 + 5*d**3/6 + d**2 + 3*d. Let j be 0 - (4 + -1*2). Let z be k(j). Give i(z).
10
Let w(d) = d**2 + 6*d + 7. Let y be w(-5). Suppose -4 = -v - y. Let r(m) = m - 1 + m + m**v + 0. Determine r(-2).
-1
Let q(f) = -3*f - 6. Let d(w) = -w + 1. Let m(c) = -4*d(c) + q(c). Determine m(9).
-1
Let v(s) = 4 - 5 - 4*s + 4*s + 5*s. Let j = -4 - 0. Let r be j/((-4)/(-5)) + 3. Determine v(r).
-11
Let l be 1 - 2*3 - 0. Let m(s) be the second derivative of -s**6/360 - s**5/24 + s**4/8 + s**3/3 + 3*s. Let f(o) be the second derivative of m(o). Give f(l).
3
Let t(y) = -y**2 - 3*y + 6. Let r(z) = -z**2 - 2*z + 5. Let c(b) = 3*r(b) - 2*t(b). What is c(-3)?
-6
Suppose -2*p = -3*p + 5*r + 9, r - 3 = -p. Let w(s) = -5*s + 2*s - p*s**2 + 3*s**2 - 2 + 2*s**2. Suppose -3*j = 2*j + n - 15, -5*n = -3*j + 9. Calculate w(j).
-2
Let b(r) = 0*r - 76*r**3 - 4*r**2 + 77*r**3 - 3*r. Calculate b(5).
10
Let d(q) = -q**3 - 8. Suppose 0 = 5*j, -5*h - 2*j = 3*j + 30. Let t = 0 - h. Let b = 6 - t. Calculate d(b).
-8
Let c(d) be the second derivative of d**3/6 + d**2 + d. Suppose 4*j + 5*z = 33, -2*j + 3*z = -4*j + 19. Calculate c(j).
4
Let j(q) be the third derivative of q**5/30 - q**4/24 + q**3/2 + 7*q**2. Let s(w) be the first derivative of j(w). Determine s(4).
15
Suppose -6 = d - 3*r, -r + 0 - 4 = -d. Let m(s) = -s + 12. Give m(d).
3
Let y(w) = -w**2 - 5*w - 4. Suppose 5*f + 2 = 2*i, -3*f - 4*i = -2 - 2. Suppose -3*b - x - 6 = f, b = -b - 2*x. What is y(b)?
2
Suppose h - 8 = -3*k, 4*k + k + 4*h - 25 = 0. Let a be ((-1)/k)/((-2)/(-2)). Let f(l) be the first derivative of -l**4 - l**2/2 - 3. Calculate f(a).
5
Let c(j) = -j**2 + 5*j + 7. Let h(v) = 2*v - 17. Let a be h(10). Suppose -12 = a*q - 5*q. Calculate c(q).
1
Let i = 3 + -4. Let q = -1 - i. Let n(r) = 5*r + 29. Let x(b) = -b - 6. Let s(j) = -2*n(j) - 11*x(j). Determine s(q).
8
Let s(g) = g**3 + 3*g**2 - 4*g - 2. Let m be s(-3). Suppose 3*w - 2 = m. Let i(f) = 2*f - 2. Give i(w).
6
Let g(f) = 4*f**3 + 2*f**2 - f. Suppose 3*y - 3 = 4*y, 2*p = 2*y + 8. Calculate g(p).
5
Suppose 0 = 3*w - 2*w. Suppose -4*m - r - 1 = 0, -21 = 2*m - 3*m + 4*r. Let h(t) = -t - m + w*t + 4*t + t**2. Give h(-4).
3
Let i(j) = j**3 - 7*j**2 - j + 10. Let h be i(7). Suppose -4*c - 5*w + 13 = 0, h*w - 8*w = -c - 3. Let b(q) = 5*q**2 + c - 1 - 4*q**2. Calculate b(-1).
2
Let w(p) = p**2 - p. Suppose -3*h - 33 = -4*k - 84, 0 = -2*h - 3*k + 51. Suppose u + 7 = -f - 10, 0 = -f - 3*u - h. Let s be 4/(-6)*f/10. Calculate w(s).
0
Let v(u) = -6*u**2 + u - 6. Let h(o) = -6*o**2 + o - 5. Let y(f) = -6*h(f) + 5*v(f). Give y(1).
5
Let u(s) = s**3 - 4*s**2 - 4*s + 1. Let a(v) = v**2 + 2*v**2 + 10*v - 4*v**2 - 11. Suppose 8 = 4*g - 3*g. Let r be a(g). Calculate u(r).
6
Let l(i) = -i - 4. Let v be l(-7). Let o(x) be the second derivative of x**4/12 - 5*x**3/6 + x**2 + x. What is o(v)?
-4
Let q(d) = 4*d**2 + 1 - 2*d**2 + 0*d**2. Let a(f) = -2*f - 3. Let t be a(-3). Suppose w - g + 4 = 0, 12 = 3*w + t*g + 2*g. What is q(w)?
3
Let f = 2 + 0. Let p(x) be the second derivative of 1/6*x**3 + 0 - 2*x - 1/2*x**f. What is p(-3)?
-4
Let k be (3/(-2))/((-3)/4). Suppose -k*m - 14 = -6. Let d(p) = -p**2 - 5*p + 1. Give d(m).
5
Let p(k) = -k**2 - 10*k - 9. Suppose 2*f + 18 = -f. Give p(f).
15
Let a(p) = p**3 + 5*p**2 + 4*p - 2. Let h(m) = m**2 + 12*m - 14. Let i be h(-12). Let x = 10 + i. What is a(x)?
-2
Let d(h) = 3*h**2 + h + 2 - 1 - 3*h. Let s be d(1). Let f = 1 - s. Let r(q) = 7*q + 1. What is r(f)?
-6
Let n(m) = m**2 + 3*m - 1. Let g be n(-4). Let f(h) = -4*h**3 - 5*h + 4*h**3 - h**g - 4*h**2 - 2. Calculate f(-3).
4
Let x(a) = 7*a**2 + 0 + 3*a + a**3 + 5 + 5*a. What is x(-6)?
-7
Let y(p) = -p**3 - 9*p**2 - 7*p - 1. Let m be y(-8). Let i(u) = u**2 + 10*u + 2. Give i(m).
-7
Let i(d) = -d - 2. Let a be i(3). Let j(g) = -g + 4. What is j(a)?
9
Let f(l) = 7*l - 1. Let m(r) = 13*r - 2. Let c(h) = -7*f(h) + 4*m(h). Let k = -12 + 13. What is c(k)?
2
Let o(m) be the third derivative of m**7/2520 - m**6/180 - m**4/24 + 3*m**2. Let a(z) be the second derivative of o(z). Determine a(4).
0
Let u(k) = -10*k + 6*k + 3*k + 7*k**2 + 1 + 2*k. Calculate u(-1).
7
Suppose -2*x - x + 6 = 0. Let m(a) = -5 - 2*a + 4 + a**2 - x*a**2 + 0*a**2. Calculate m(-3).
-4
Let r(o) = -o + 6. Let t(l) = 4*l - 18. Let d(p) = -7*r(p) - 2*t(p). Give d(5).
-11
Let s(w) be the first derivative of w**6/90 - w**5/60 - w**4/24 - w**3/3 - 3. Let h(b) be the third derivative of s(b). Give h(-1).
5
Let f(r) = -r**3 + 6*r**2 - 5*r - 6. Let p be f(5). Let n(z) = -2*z - 2. Let x(a) = a + 1. Let d(l) = n(l) + 3*x(l). Give d(p).
-5
Let h(c) = -c**3 - 5*c**2 + 7*c - 3. Let x(b) = -3*b**2 - 3*b. Let r be x(-2). Give h(r).
-9
Let i(g) = -g**3 + 4*g**2 + 3*g + 7. Let n be i(5). Let r(y) be the second derivative of -y**3/6 + y**2 - 7*y. Give r(n).
5
Suppose 0 = 4*b - 10 - 2. Suppose 0*d = b*d. Let t(w) = -2*w**3 + 3 + d*w - 4*w + 3*w**3 + 4*w**2. Give t(-5).
-2
Let z(s) = s**2 - 4*s + 2. Let p(f) = -f**2 + 3*f + 2. Let b be p(3). Let g be (3/b)/(1/2). What is z(g)?
-1
Let b = -2 + -2. Let l(q) = -4 - 2*q - 2 + 4. What is l(b)?
6
Let i(m) = -3*m**2. Let g = -3 - -6. Suppose g*w = 5*n + 25, -7*n - 18 = -3*n - 2*w. Calculate i(n).
-12
Let i(l) = -l - 5. Let w be i(0). Let b(x) = x**2 - 7*x + 9. Let d be b(6). Let j(u) = 1 - 3*u**3 - 6*u**2 + 4*u**d - 2*u**3 - 4*u. Determine j(w).
-4
Suppose -2*r = r - 33. Suppose 14 = 5*k - r. Let j(h) = -h + 7. Calculate j(k).
2
Let t(q) = 0*q**2 + q - 2 + q**2 - 4*q - q. Let g = 8 - 15. Let a = g + 12. What is t(a)?
3
Let j(o) be the third derivative of o**6/60 + o**5/20 + o**4/24 + o**3/3 + o**2 - 14. Calculate j(-2).
-4
Let h(j) be the second derivative of j**5/20 + j**4/3 + 2*j**3/3 - j**2/2 + j. What is h(-3)?
-4
Let h = 7 + -1. Let l(s) be the second derivative of s**5/20 - 5*s**4/12 - s**3 + 9*s**2/2 + 3*s. Calculate l(h).
9
Let p(v) = -v**3 - 6*v**2 - 6*v - 7. Let k be p(-5). Let q(j) = -j**3 - 3*j**2 - 4*j - 2. Let n be q(k). Let u(z) = -z + 1 - 3 + z**3 + n*z. What is u(0)?
-2
Let o(m) = 2*m - 8. Let i(x) = -x - 1. Let g(y) = 3*i(y) + o(y). Let f = -19 - -19. Calculate g(f).
-11
Let o(w) be the second derivative of -w**4/3 + w**3/3 - w**2/2 + 8*w. Determine o(1).
-3
Let m be 2/6 - 100/12. Let n = m + 2. Let q(s) = -s**2 - 8*s - 8. Give q(n).
4
Suppose -6*z - 11 - 1 = 0. Let r(o) = 3*o**2 + 2*o. Calculate r(z).
8
Let h = -35 + 36. Let s(r) = 2*r**3 - 2*r**2 + 2*r - 1. What is s(h)?
1
Let x(g) be the third derivative of -g**6/120 + g**5/10 - g**4/6 - g**3/6 - g**2. Suppose 3*f = -4*t + 22, f + 5*t + 13 = 35. Suppose f*i - 2 = 8. What is x(i)?
4
Let k(t) = -7*t**3 - 2*t**2 + 2*t - 1. Suppose 2*n + 2*o - 5 = -1, 5*o - 5 = 0. What is k(n)?
-8
Suppose -1 = u - 2. Suppose r = 2 - u. Let c(z) = -z**3 + 0*z - 3*z + 4*z. Determine c(r).
0
Let l = 6 + -3. Let g(c) = 2*c + 2. Calculate g(l).
8
Suppose -3*w - 6 = 2*f + 2, 26 = -4*w + 5*f. Let a(z) = -z**2 - 2*z - 4. Determine a(w).
-12
Let j(x) = -2*x**3 + 26*x**2 - x + 19. Let y be j(13). Let f(p) be the third derivative of -p**5/60 + 7*p**4/24 - p**3/3 - 2*p**2. Calculate f(y).
4
Let k(v) be the second derivative of 5*v**3/6 - 2*v**2 - 2*v + 25. Calculate k(6).
26
Suppose -t - 1 = 4*k, 0*t - 2*t = k - 5. Suppose -t*n - 4 = -1. Let q(j) = -6*j**3 + 3*j**3 - j**3 + j. What is q(n)?
3
Let g(n) be the third derivative of 0*n + 0 - n**3 - 1/12*n**4 + 2*n**2. Suppose -2*m = -4*o + 2*m + 4, -3*m = 3*o + 27. What is g(o)?
2
Let q be (-14)/(-6) - 1/3. Suppose